 1*(4 - 6)/(-2). Let w(b) = v*q(b) + x*y(b). Give w(-3).
3
Let c(o) = o**2 - 3*o - 3. Let n be ((-4)/(-7))/((-6)/(-63)). Calculate c(n).
15
Let v(b) = -4 + 2*b - 3*b**2 + b**2 + 2 + b**3. Let y(d) = -d**2 - 9*d - 14. Let w be y(-6). Suppose 0 = 3*l + 5*q + 19, 3*l - w*q = -7 + 33. Give v(l).
2
Let f(s) = 3*s**2 - 7*s - 7. Suppose 16 = -8*h - 24. Let l(m) = 7*m**2 - 15*m - 15. Let z(k) = h*f(k) + 2*l(k). What is z(6)?
-1
Let b(i) be the third derivative of i**5/6 - 477*i**2. Suppose 9 = -3*w + 6*w. Let l = w + -2. What is b(l)?
10
Let o = -28 - -28. Suppose o*p - 4 = -2*p. Let f(k) = 3*k**2 - 4*k + 2. Calculate f(p).
6
Let k(s) be the second derivative of -s**3/3 + 3*s**2 + 2*s. Let m = 23 + -17. Give k(m).
-6
Let o(r) = 7 + 4*r + r**2 + 0*r**2 + 2*r + 2*r. Determine o(-9).
16
Suppose 149*f = 147*f - 2*q - 4, 5*f - 4*q = -46. Let z(w) = w**2 + w - 26. Determine z(f).
4
Let k(x) = -x**3 + 17*x**2 - 17*x + 10. Suppose -3*r + 2*h = -58, 2*h - 42 - 28 = -5*r. Let i be k(r). Let v(a) = a**3 + 5*a**2 - 4*a + 6. Calculate v(i).
-6
Let l(z) = -z + 1. Suppose 5*f + 35 = -2*y + 7*y, 0 = -y + 4*f + 10. Let q(m) = -1. Let k(c) = -c - 6. Let x(o) = k(o) - 6*q(o). Let n be x(y). Give l(n).
7
Let t = -287 + 287. Let o(j) be the second derivative of -5*j - j**3 + t - 1/12*j**4 + 3/2*j**2. What is o(-6)?
3
Let v(d) = 104103 - 104103 + 17*d. Let z = 0 + 1. Give v(z).
17
Let k(j) = -j**3 - 3*j**2 + 3. Let h be k(-3). Suppose -r - h*r - 28 = 0. Let q be 1*-2 - (r + -1). Let c(z) = -z. Calculate c(q).
-6
Let q(j) = -15*j**3 + 2*j**2 - 2*j + 1. Suppose 0 = -19*w + 25 - 6. Determine q(w).
-14
Let k be 1520/(-15)*(-9)/(-6). Let y = k + 152. Let h(b) = -2*b + b**2 + 2*b - 5. Give h(y).
-5
Let g(r) = -2*r + 2. Let y be g(0). Let k(h) = 0 + 8*h**2 + 0*h**3 + y - 3 - h**3 - 7*h. What is k(7)?
-1
Let x(j) = j + 6. Let q be x(-15). Let g(u) = u**2 + 9*u + 1. Let k be g(q). Let m(w) = k - 3 - w + 4*w. Determine m(-2).
-8
Let q(m) be the first derivative of -m**3/3 - 3*m**2/2 + 5*m + 757. Determine q(-5).
-5
Let t be (-1 - 4/(-8)*-4) + 5. Let i(f) = -5*f. Give i(t).
-10
Let m(w) = -w**2 - 9*w + 1. Suppose 0 = -6*s + 5*s - 9. Let p be m(s). Let d(v) = 4*v**2. Calculate d(p).
4
Let r(h) = 0*h - 167 - h + 336 - 168. Let b = -10 + -3. Let c = b - -8. What is r(c)?
6
Suppose 0 = 47*k - 48*k - 6. Let c(v) = 5*v**2 + 2*v - 1. Let t(i) = 4*i**2 + 3*i - 2. Let q(h) = k*t(h) + 5*c(h). What is q(5)?
-8
Let m(f) = -f**2 + 3*f - 2. Suppose 0 = 4*w - 5*w + 2. Suppose w*s = 4, -z + 5*z + 3*s - 18 = 0. Calculate m(z).
-2
Let g(j) = 2*j - 1. Suppose 658 = 11*q + 218. Let x = 39 - q. Give g(x).
-3
Let w(p) = p**3 - p**2 + 4*p - 2. Let u(y) = 11*y**3 - 7*y**2 + 40*y - 16. Let a(s) = u(s) - 10*w(s). Let z = -11 - -8. Determine a(z).
4
Let y(h) = 29*h**2 + 35*h + 39. Let w(v) = 16*v**2 + 18*v + 20. Let t(z) = 11*w(z) - 6*y(z). Determine t(7).
0
Let g(k) be the second derivative of -1/2*k**3 + 0 - 4*k - k**2. What is g(-3)?
7
Let w(x) = 2*x - 7*x + 3*x - 4. Let r(i) = 1. Let a = 9 + -7. Let u(p) = a*r(p) + w(p). What is u(-4)?
6
Suppose 45 = -0*i + 3*i. Suppose -k = 2*k + i. Let q(f) be the first derivative of -f**3/3 - 3*f**2 + 3*f + 1. Calculate q(k).
8
Let s = -8 + 25. Let h(z) = -3*z - 17 + s + 2*z**2. Determine h(2).
2
Let y(v) = -203*v + 387. Let c be y(2). Let r(m) = -3*m - 54. What is r(c)?
3
Let w(x) = 0*x + 4*x - 5*x + 6*x**2 - x**2. Suppose -4 = i - 8. Let t be 1/(1*4/i). Calculate w(t).
4
Let q be (0 + 0)*(2 + -1). Let d(p) = -1 + q + 0 - 7*p. Let w be (2 - (2 - -1))*9/9. Calculate d(w).
6
Let v(w) = 31404 + 4*w**2 - 4*w**2 - 31419 - 5*w + w**2. Determine v(-2).
-1
Suppose 16 = -6*c + 8*c. Let r be (c/6)/(6/(-18)). Let g(z) be the second derivative of -z**3/6 + z**2 - 2*z. What is g(r)?
6
Let j(h) be the first derivative of -h**3/3 + h**2/2 + 10*h - 38. Let k be (10/(-3))/(2/(-6)). Suppose k = 3*s + 2*r, 2*s + 0*s + 3*r = 15. Determine j(s).
10
Let v(h) = h**2 - 8*h. Let p(d) = d**3 - 11*d**2 + 20*d - 10. Suppose 4*j = 16, -j + 31 = 2*y + y. Let u be p(y). Give v(u).
0
Let f(b) = 5 + 4 + b**2 - 17 + 5 + b**3. Calculate f(0).
-3
Suppose 20 = 4*r, -7*r + 28 = -3*t - 2*r. Let s(c) = 19*c**2 + c. What is s(t)?
18
Let u(p) = p - 3. Suppose -30 = -2*f + 2*o - 7*o, -5*f + 45 = 5*o. Suppose -17 = z - f*b, 5*z + 4*b + 5 = 36. Give u(z).
0
Suppose -4*j = -2*c - 8, 4*c - 4*j = -9*j - 29. Let l = -51 - -53. Let w(n) = -656 - 2*n**3 - 7*n**l + n**3 - 3*n + 660. Determine w(c).
-14
Suppose -7*i + 20 = 13*i. Let j(q) = -12*q**2 - q. Determine j(i).
-13
Let g(r) = -5*r**2 - 17*r + 4. Let z(l) = l**2 + l. Let f(i) = g(i) + 4*z(i). Let k(s) = s**2 + 11*s - 4. Let b(n) = 3*f(n) + 4*k(n). Give b(-7).
10
Let r(i) be the first derivative of -3*i**4/2 + 77. What is r(-1)?
6
Let m(i) = -i + 1 + 0*i + 0. Suppose 6*l = 4 + 14. Suppose 0 = l*x + 21 - 30. Determine m(x).
-2
Let a(x) be the third derivative of -x**5/60 - x**4/12 + 5*x**3/6 - 88*x**2. Calculate a(4).
-19
Suppose -5*p - 1 = x - 6, -5*p - 2*x = -10. Let g(h) = 2 + p*h**3 + h - 11 + h**2 - h**3. Suppose -3*b - 12 = -4*r, 2*b - 9 = -b - 3*r. Determine g(b).
-9
Suppose 3*l - 5*i - 50 = 6*l, -4*l + 2*i = 32. Let y(x) = x**3 + 10*x**2 - 2. Determine y(l).
-2
Let x(t) = 4 + 1523*t + 1 - 1520*t. What is x(-6)?
-13
Let b = -7 - -7. Suppose b = -t - t. Let r be -2*(t - 3/(-2)). Let v(j) = -j + 1. Give v(r).
4
Let s(b) = -b**3 + 24*b**2 - 10*b + 13. Let r(g) = -g**3 + 21*g**2 - 9*g + 12. Let w(k) = 5*r(k) - 4*s(k). Calculate w(9).
-37
Let y(a) = 9*a**3 - a**2 - 2*a - 1. Suppose -12 + 0 = -4*x, -5*x = -2*f - 17. What is y(f)?
-9
Let b be (-4 - -4)*(2 + -3). Let k(n) = -121 + 54 + 59 + n. What is k(b)?
-8
Suppose 9*f - 44 + 8 = 0. Let n(z) = -3*z**2 + 13*z - 11. Give n(f).
-7
Let p(q) = -q**2 - 2*q - 4*q + 0*q**2 + 1. Suppose 18 = 3*g - 0. Suppose -3*f = -3, -2*h + f - 7 = g*f. What is p(h)?
1
Let n(c) be the third derivative of c**5/60 - 3*c**4/8 + 8*c**3/3 - 6*c**2 - 2*c. What is n(7)?
2
Let f(o) = 6*o**2. Suppose 0 = -2*l + 24 - 22. Calculate f(l).
6
Suppose 3*x - 2*o = -4*o - 14, 2*x = 4*o - 4. Let t(v) = v**3 + v**2 - 5*v + 3. Calculate t(x).
-25
Let g(z) = z**3 - 3*z**2 + 2*z - 1. Let h(j) = -j**2 - 3*j - 2. Let q be h(-2). Suppose -2*p - 11 = 2*n + 5, q = -5*p. Let l be ((-12)/n)/(3/4). Determine g(l).
-1
Let u(a) = a**2 + 2*a + 6. Suppose -55*p = -60*p - 3*f - 10, 2*p = 2*f - 20. Determine u(p).
21
Let o(d) be the third derivative of -d**4/6 - d**3/6 + 28*d**2 + 5. Let m be 4/(-14) + (-18)/(-14). Suppose 0 = 5*a + 6 - m. What is o(a)?
3
Let c(h) = -7*h**3 + 2*h**2 - 3*h + 7. Let r(j) = -15*j**3 + 5*j**2 - 6*j + 15. Let p(y) = 13*c(y) - 6*r(y). Determine p(-3).
1
Let u(c) = c**2 - 1. Let h(t) = 2*t**2 - 5. Let o(x) = h(x) - u(x). Let z = -33 + 50. Suppose -z*l = -21*l - 12. Determine o(l).
5
Let y(o) = 6*o**2 - 9*o + 4. Let u(b) = -b**3 - 17*b**2 - 15*b + 22. Let l be u(-16). Let c(j) = 7*j**2 - 10*j + 5. Let i(z) = l*y(z) - 5*c(z). What is i(3)?
-4
Suppose -5*s - 4*q = -27, -5*s = -10*s + 5*q. Let p(a) = a**3 - 4*a**2 - 3*a + 4. What is p(s)?
-14
Let l(r) = 6*r + 5. Let u(b) = 5*b + 4. Let f(d) = 4*l(d) - 5*u(d). Let n be f(-2). Let t(m) = -3 + m**2 + 2 - m - n*m. Calculate t(2).
-3
Let f = 1 + 1. Suppose 6 - 18 = f*i. Let x(b) = -b + 1. Let y(k) = -7*k - 3. Let l(o) = -5*x(o) + y(o). Calculate l(i).
4
Let j(m) = 6*m**2 + 2*m + 1. Let c = 177 + -178. Give j(c).
5
Let h(x) = -5*x**2 - x - 15. Let b(l) = -2*l**2 - 5. Let z(v) = -8*b(v) + 3*h(v). Give z(-2).
5
Suppose 2*x + 45 = 7*x. Let s(o) = 3*o - 2*o + 18 - 19 - x. Give s(-7).
-17
Let s be (60/70)/((-1)/7). Let y(n) = 29 - 7*n - n**2 + 14 - 43. Determine y(s).
6
Suppose -v - 5*g + 51 = 0, 5*g = 37 - 12. Let s = 26 - v. Let c(r) = -r**2 + r + 2. Determine c(s).
2
Suppose 3 = 3*t + 3*c - 2*c, 3*t + 9 = -5*c. Let w = -2 + 4. Let p(h) = -8*h - 7 + 0*h + 3*h**w - t*h**2. What is p(8)?
-7
Suppose 3*k - 5*g - 19 = 0, -5*g = -2*k - 0*g + 11. Suppose -5*u + 12 = 4*h, 5*u - 19 = -5*h - 4. Let m(s) = 2*s - 1 + u*s + k*s**2 - s. Give m(1).
8
Suppose -1 = -v - 4. Let w(p) = 397 - 132 - 3*p - 132 - 134. Give w(v).
8
Let z be 0 + 14/4*(40 + -38). Let m(k) = k**3 - 7*k**2 + 2*k - 8. Calculate m(z).
6
Let q(c) be the third derivative of c**6/120 - 2*c**5/15 + c**4/12 - 13*c**3/6 - c**2. Let g = 490 - 482. Let r be 